4 = -m. Let r(l) = l**3 - 6*l**2 - l + 4. Determine r(x).
-2
Let w = -13 + 7. Let q be 8/w*15/(-10). Let a(n) = 3*n - 1. Calculate a(q).
5
Let y(f) = f**3 + 6*f**2 + 5*f + 3. Suppose -21 = 3*j + 3*o + 9, 0 = 2*o + 10. Give y(j).
3
Let j be (-6)/(2 - -1) - 1. Let b = 8 + j. Let l(u) = -u + 8. Determine l(b).
3
Let x(t) = 2*t - 5. Let i = -103 + 98. Calculate x(i).
-15
Let t(g) = -g + 5. Let u(v) = v - 1. Let n be u(1). Suppose -2*w - 12 = 2*p - 0*w, p - 2*w = n. Calculate t(p).
9
Suppose 5*x - 2 = 3. Let c(l) = 0*l + l + 3 + x. Let h = -6 - -2. What is c(h)?
0
Let n(p) = 4*p - 4 + p**2 + 0 + 2. Suppose -10 = -9*l - 46. What is n(l)?
-2
Let l(z) be the third derivative of -z**4/8 - z**3 - 51*z**2. Determine l(-5).
9
Let r(j) be the third derivative of j**5/60 - j**4/8 + j**3/6 + j**2. Suppose 20 = 4*w + 3*s + 3, 2*s = 2*w + 2. Determine r(w).
-1
Suppose -2*u = 2*k - 0*u, -4*u = 5*k - 1. Let x(y) = 1. Let b(d) be the first derivative of -d**3/3 + 2*d + 3. Let a(r) = -2*b(r) + 5*x(r). Determine a(k).
3
Suppose 0 = 4*s - s - 6. Let x(y) = 4 + 3*y + 2*y - 6 - 6*y**s + y**3. What is x(5)?
-2
Let c be ((-1)/(-3))/(4/48). Suppose 2*s = -0*s + c. Let t(f) = f**s + 3 + 2*f**2 - 5*f - 2*f**2. Give t(3).
-3
Let k(t) = -t + 5. Suppose 4*d + 2 = 5*l - 2, -d - 5*l + 24 = 0. Suppose -13 = -2*z - 5, -3*p = -d*z + 1. Calculate k(p).
0
Suppose 5*u + 21 - 31 = 0. Let o(j) = -3*j + 3. Let t(h) = h - 1. Let i(r) = -2*o(r) - 5*t(r). Calculate i(u).
1
Suppose -2*l + 3*a = 2*l - 109, 4*a = -5*l + 175. Suppose -s + 4*v + 22 = -2*s, 0 = -3*s - 5*v - l. Let u(x) = -2*x + 2. Calculate u(s).
6
Let x(c) = 2*c - 14. Let w(j) = 1. Let m(l) = -4*w(l) - x(l). Calculate m(8).
-6
Let o(t) = t**2 - 3*t + 3. Let z(k) = -6*k**2 + 15*k - 15. Let p(d) = -11*o(d) - 2*z(d). What is p(-3)?
-3
Let r(p) be the third derivative of p**5/60 - p**4/24 - p**3/3 - 8*p**2. Give r(5).
18
Let d(i) be the first derivative of -i**4/2 - 5*i**3/3 - i**2 + i - 1. Let w = 230 - 233. Give d(w).
16
Suppose 5*g = 2*g. Suppose g = z + 2*z + 9. Let n = 8 + z. Let h(r) = -r**2 + 5*r - 4. Determine h(n).
-4
Let z be (-3 + 5)/(1/(-1) - 1). Let r(i) be the third derivative of i**4/4 - i**3/6 + i**2. Calculate r(z).
-7
Let s(g) = 3*g - 1. Let c(z) = -16*z + 6. Let j = 3 - 1. Let x(h) = j*c(h) + 11*s(h). Let o = -7 - -3. What is x(o)?
-3
Let a(g) = -2*g**3 + 2*g**2 + 3*g - 3. Let t(r) = r + 7 - r**3 + 8 - 8 - 5*r**2. Suppose d = -2*x + 3, -d + 7*x - 17 = 4*x. Let v be t(d). Calculate a(v).
-5
Let q(i) = i**3 - 5*i**2 - 7. Let d = 16 - 11. Determine q(d).
-7
Suppose -3*g + 2 = -34. Suppose 3*f + 0 + g = 0. Let s(m) = 3*m**2 + 3*m + 3. Let v(n) = -n**2 - n + 1. Let p(a) = f*v(a) - s(a). Give p(0).
-7
Suppose 0 = -i + 2*j + 2*j - 6, -j = 3*i - 8. Let n be (2/(-3))/(i/(-6)). Let s(f) = -f**2 + 2*f + 1. What is s(n)?
1
Let c(a) = 1. Let d(w) = -2*w + 2. Let u(b) = 2*c(b) + d(b). Suppose -3*t + y + 10 = 0, 2*y - 20 = -2*y. What is u(t)?
-6
Suppose 5*l - 19 = -2*c, -2*c + 2*l = 3*c - 4. Let b(s) = s**2 - 2*s**2 - 7*s + 3 + c*s + 0*s. Give b(-6).
-3
Let i(r) = -r**2 - 3*r - 6. Let w(t) = -t**2 - 3*t - 7. Let o(a) = -6*i(a) + 5*w(a). Calculate o(-2).
-1
Let t = 155 + -157. Let s(b) = 2 - 8*b + 0 + 3*b. Determine s(t).
12
Suppose 0 = 4*v - 14 - 2. Suppose 0 = -4*f + 4*b, 3*f + 0*b = -b + 16. Suppose -v = -0*k - f*k. Let m(d) = 3*d**2 - 2*d + 1. Calculate m(k).
2
Suppose 4*g = 31 - 7. Let o = -1 + g. Suppose -o*c - 2*s - 14 = 0, -5*s = -s + 8. Let v(z) = -2*z + 2. Calculate v(c).
6
Let c(s) be the first derivative of s**6/180 - s**5/120 - s**4/24 + 2*s**3/3 + 2. Let j(u) be the third derivative of c(u). Determine j(2).
5
Suppose 5*f - f = 8. Let p(g) be the second derivative of g**4/12 + g**3/6 - g**2 - 24*g + 3. Give p(f).
4
Suppose -8*k = -2*d - 3*k + 25, -2*k = 3*d - 9. Suppose 0 = f + 2*u, -4*f + 5 = -3*u - 17. Let r(q) = f*q - 3*q - 4 + 1. What is r(d)?
2
Suppose 5*g + 3 = 4*g. Let z(q) = -2*q + 1 - 5*q**2 - q - q**3 + q**2. Determine z(g).
1
Let z(m) = -m**2 - 4*m - 5. Let l = 31 + 11. Let r be l/(-11) - (-4)/(-22). Determine z(r).
-5
Let i(m) = m + 3. Suppose 0 = -2*q - 0*q. Suppose -3*t + c + q*c = -7, -4*t + 16 = 2*c. Suppose 0 = -t*a - k - 12, 3*a + 2 = 2*k - 1. Give i(a).
0
Let c(u) = 6 + u**2 - 4*u + 6 - 5. Give c(5).
12
Suppose -w + 2*b = 4*b - 5, -5*w + 14 = -b. Let m(l) = l**2 - 1. Let u(q) = -q**2 - q + 2. Let j be 50/(-18) - 6/27. Let s(z) = j*u(z) - 4*m(z). Determine s(w).
-2
Let n(z) = -7*z**2 - 5*z + 0*z**3 + 3*z**3 - 2*z**3 - 1 + 4*z**2. Let p be n(4). Let i(w) = -1 + 2*w - w + 0*w. Determine i(p).
-6
Let x(v) = -v**3 + 10*v**2 - 10*v - 21. Let l(p) = 2*p**2 - 2*p - 4. Let d(o) = -11*l(o) + 2*x(o). Give d(-2).
6
Let k be (-48)/26 - (-4)/(-26). Let h be 2*(-3 + (-7)/k). Let r(p) = 9*p**3 - p. Give r(h).
8
Let s(r) = -94*r + 18 + 108*r - 2*r**3 + r**3 - 11*r**2. What is s(-12)?
-6
Suppose -34 = -4*r - 10. Let n(i) = -6 - 5*i + r. Calculate n(1).
-5
Let x(h) = h**3 + 4*h**2 - 5*h. Let p be x(-5). Let a(y) = y**2 + y - 2. What is a(p)?
-2
Let b(w) = w**2 + 7*w + 8. Let v be b(-6). Let r = 4 - v. Let l(i) = -2*i**r - i - i**2 - 2*i**3 + i**3. Calculate l(-3).
3
Let o be 20/11 + (-2)/(-11). Let p = o - -1. Let w(a) = a**3 + 3*a**2 + 4*a + 3. Let d(n) = -n**3 - n - 1. Let q(r) = 2*d(r) + w(r). What is q(p)?
7
Let f(q) be the second derivative of -q**3/6 + 9*q**2/2 + 11*q. What is f(0)?
9
Suppose 0 = -4*j - 106 - 14. Let s be (-12)/j + (-13)/(-5). Let b(t) = s*t**2 - 4 - 2*t**2 + 2*t + 2*t - 2. Give b(-5).
-1
Let c(i) be the second derivative of 7/6*i**3 + 0 + 7*i - i**2. Give c(-2).
-16
Let m(t) = 3*t. Let w(c) = 3*c**2 + c - 2. Let y be w(2). Let z = y - 9. Determine m(z).
9
Suppose 0 = -2*r - 31 + 7. Let t be 51/r + 3/12. Let u(i) = -i**2 - 3*i + 4. Determine u(t).
0
Suppose 0 = -5*o + 2 + 3. Let t(p) = p**2 - 5 + o + 0*p**2 + 3*p. Determine t(-4).
0
Let p(l) be the third derivative of -l**8/6720 - l**7/420 - l**5/30 - l**4/12 + l**2. Let t(m) be the second derivative of p(m). Calculate t(-6).
-4
Let t be (-1 + 0)/((-3)/9). Let j(u) = -t*u**2 + 3 + 5*u**2 + 2 - 6. What is j(1)?
1
Suppose 0 = -2*s - s + 9. Let r = s + -4. Let t(l) = -7*l - 15. Let z(q) = 3*q + 7. Let a(c) = -6*t(c) - 13*z(c). Give a(r).
-4
Let y(g) = g**2 + 3*g + 3. Let a be y(-3). Let d(i) = -2 + i + 4 + a - 4. Give d(0).
1
Let m(f) = f**3 - 4*f**2 - 6*f - 2. Suppose -2*g = 4*s + 6, 4*s + 7 = -g - 2. Let q be (-12)/s*(-5)/(-4). Determine m(q).
-7
Suppose -b - 5 = -4*x + x, 2*x + 8 = -5*b. Let j be (-2)/(3 + 21/(-9)). Let k(u) = -2*u. Let l(d) = -1. Let h(o) = j*l(o) + x*k(o). Calculate h(2).
-1
Suppose 5*w - 22 = 16*w. Let v(f) = -2*f + 1. Determine v(w).
5
Let j(f) = f + 1. Let k(t) = -t**3 + t**2 - 8. Let q(x) = -5*j(x) - k(x). What is q(3)?
6
Let a(o) = -2*o - 2*o - 9 + 5*o + 2. Give a(11).
4
Suppose 4*v - 2*c = -7*c - 12, 0 = -5*v - c + 6. Let t(i) = -i - 2*i + 2 + 4*i - 6*i**2 + 5*i**2. Give t(v).
0
Let l(w) = -w**3 - 3*w**2 - w. Let h(m) = -m**3 + 5*m**2 - 6*m + 7. Let t be h(4). What is l(t)?
-1
Suppose -2*h = -2 - 2. Suppose -g - 5*c = g + 30, 3*g + 7 = h*c. Let n(k) = -k**3 - 6*k**2 - 5*k + 7. Give n(g).
7
Let o(c) = 3*c**2 + 3*c + 3. Let x(k) = k**2 - k - 1. Let j(g) = -o(g) - 4*x(g). What is j(-1)?
-7
Let g(k) = -6*k + 2. Suppose -16 + 1 = -5*j. Let a(u) = u**3 - 4*u**2 + 3*u + 4. Let i be a(j). Suppose -i = -3*f + f. Calculate g(f).
-10
Let c(p) = 3*p**3 - p + 1. Let h = 143 + -142. Give c(h).
3
Let k(l) = -l**3 - l**2 - 4*l + 3. Suppose -11*r + 5 = -17. What is k(r)?
-17
Let h(d) = -4*d - 3. Let x = 42 + -21. Suppose j = -p - 1 + 10, -5*j + 3*p + x = 0. Let u(c) = -17*c - 12. Let k(v) = j*u(v) - 26*h(v). Give k(-5).
-4
Let j(o) be the third derivative of -o**6/120 + o**5/30 + o**4/6 - o**3/3 + 12*o**2. Suppose -2*k + 6 = -0*k. What is j(k)?
1
Let v = -5 - -5. Let n(d) be the second derivative of -1/20*d**5 + 0 + 0*d**4 + 1/6*d**3 + 3/2*d**2 + 2*d. Determine n(v).
3
Let y(q) = -q + 1. Let t(x) = -4*x. Let n(f) = -t(f) + 3*y(f). Suppose -h + 2*v + 9 = 0, v = 2*h - 7*h + 1. Let j = -1 + h. Give n(j).
3
Let c(t) = -t**2 + 2*t - 2. Let y be c(3). Let b(x) = -x**2 - 8*x - 7. What is b(y)?
8
Let c(w) = -w**2 + w - 1 - w**3 - w**2 + 7*w**2. What is c(5)?
4
Let y(g) = 5*g**2 - 3*g + 2. Let z be y(1). Let f(s) = 2*s - 1. Give f(z).
7
Le